ainder when 122218 is divided by 4?
2
Calculate the remainder when 33366 is divided by 780.
606
Calculate the remainder when 1786 is divided by 85.
1
Calculate the remainder when 9106 is divided by 86.
76
What is the remainder when 19269 is divided by 32?
5
What is the remainder when 82816 is divided by 25?
16
Calculate the remainder when 9139 is divided by 3038.
25
What is the remainder when 18591 is divided by 9?
6
What is the remainder when 35026 is divided by 30?
16
What is the remainder when 1419 is divided by 1152?
267
What is the remainder when 342543 is divided by 35?
33
Calculate the remainder when 1138 is divided by 283.
6
What is the remainder when 413 is divided by 160?
93
What is the remainder when 1523 is divided by 346?
139
Calculate the remainder when 186541 is divided by 596.
589
What is the remainder when 1929 is divided by 447?
141
What is the remainder when 891 is divided by 153?
126
Calculate the remainder when 382039 is divided by 316.
311
What is the remainder when 138473 is divided by 882?
881
What is the remainder when 11359 is divided by 767?
621
Calculate the remainder when 873 is divided by 305.
263
What is the remainder when 8546 is divided by 190?
186
Calculate the remainder when 140 is divided by 41.
17
Calculate the remainder when 78981 is divided by 131.
119
What is the remainder when 26785 is divided by 1164?
13
What is the remainder when 297 is divided by 94?
15
Calculate the remainder when 2202 is divided by 286.
200
What is the remainder when 3954 is divided by 132?
126
What is the remainder when 8746 is divided by 2168?
74
Calculate the remainder when 2683380 is divided by 169.
167
Calculate the remainder when 1764 is divided by 833.
98
What is the remainder when 2392 is divided by 198?
16
Calculate the remainder when 657 is divided by 431.
226
Calculate the remainder when 35644 is divided by 272.
12
Calculate the remainder when 5970 is divided by 248.
18
What is the remainder when 444143 is divided by 473?
469
Calculate the remainder when 11353 is divided by 2837.
5
Calculate the remainder when 4398 is divided by 2018.
362
Calculate the remainder when 19110 is divided by 119.
70
What is the remainder when 3458 is divided by 3309?
149
Calculate the remainder when 33789 is divided by 170.
129
What is the remainder when 33636 is divided by 121?
119
Calculate the remainder when 363 is divided by 21.
6
Calculate the remainder when 107467 is divided by 146.
11
What is the remainder when 149682 is divided by 1482?
0
Calculate the remainder when 10936 is divided by 179.
17
Calculate the remainder when 3370 is divided by 62.
22
Calculate the remainder when 298139 is divided by 60.
59
Calculate the remainder when 6960 is divided by 1155.
30
What is the remainder when 172796 is divided by 239?
238
What is the remainder when 2003 is divided by 219?
32
What is the remainder when 217110 is divided by 295?
285
What is the remainder when 110 is divided by 25?
10
What is the remainder when 54152 is divided by 6768?
8
Calculate the remainder when 10171 is divided by 3213.
532
Calculate the remainder when 852 is divided by 825.
27
Calculate the remainder when 5294 is divided by 5169.
125
Calculate the remainder when 29772 is divided by 10.
2
What is the remainder when 211911 is divided by 1254?
1239
What is the remainder when 15745 is divided by 122?
7
Calculate the remainder when 4308 is divided by 253.
7
Calculate the remainder when 489 is divided by 82.
79
Calculate the remainder when 19516 is divided by 151.
37
Calculate the remainder when 1069 is divided by 102.
49
Calculate the remainder when 6514 is divided by 1131.
859
Calculate the remainder when 19447 is divided by 299.
12
What is the remainder when 56896 is divided by 18960?
16
Calculate the remainder when 481 is divided by 188.
105
Calculate the remainder when 184355 is divided by 113.
52
Calculate the remainder when 196628 is divided by 98309.
10
What is the remainder when 5662 is divided by 186?
82
Calculate the remainder when 17039 is divided by 363.
341
Calculate the remainder when 3227 is divided by 1058.
53
What is the remainder when 451597 is divided by 253?
245
Calculate the remainder when 7576 is divided by 366.
256
What is the remainder when 38837 is divided by 92?
13
What is the remainder when 7796 is divided by 1945?
16
Calculate the remainder when 10283 is divided by 3424.
11
What is the remainder when 50505 is divided by 263?
9
Calculate the remainder when 196521 is divided by 178.
9
Calculate the remainder when 147098 is divided by 26.
16
What is the remainder when 1747 is divided by 254?
223
What is the remainder when 37140 is divided by 246?
240
Calculate the remainder when 108474 is divided by 724.
598
Calculate the remainder when 459 is divided by 18.
9
What is the remainder when 6908 is divided by 766?
14
What is the remainder when 9253 is divided by 104?
101
Calculate the remainder when 11522 is divided by 1169.
1001
Calculate the remainder when 1315 is divided by 216.
19
Calculate the remainder when 201057 is divided by 6933.
0
What is the remainder when 95698 is divided by 24?
10
What is the remainder when 28832 is divided by 4788?
104
Calculate the remainder when 69031 is divided by 101.
48
Calculate the remainder when 5304 is divided by 359.
278
Calculate the remainder when 14297 is divided by 1195.
1152
Calculate the remainder when 4140 is divided by 685.
30
What is the remainder when 13991 is divided by 46?
7
Calculate the remainder when 2376 is divided by 158.
6
What is the remainder when 190662 is divided by 25?
12
What is the remainder when 236416 is divided by 33?
4
What is the remainder when 516923 is divided by 516889?
34
Calculate the remainder when 1705 is divided by 242.
11
What is the remainder when 123465 is divided by 79?
67
Calculate the remainder when 3029 is divided by 400.
229
Calculate the remainder when 527 is divided by 257.
13
Calculate the remainder when 5683 is divided by 778.
237
What is the remainder when 20908 is divided by 25?
8
What is the remainder when 74433 is divided by 90?
3
What is the remainder when 52198 is divided by 24?
22
What is the remainder when 77106 is divided by 694?
72
What is the remainder when 1762559 is divided by 405?
404
Calculate the remainder when 6180 is divided by 874.
62
What is the remainder when 19406 is divided by 504?
254
Calculate the remainder when 24979 is divided by 1101.
757
What is the remainder when 1862 is divided by 58?
6
Calculate the remainder when 5318 is divided by 2242.
834
Calculate the remainder when 3028 is divided by 216.
4
What is the remainder when 3650 is divided by 12?
2
What is the remainder when 97275 is divided by 83?
82
What is the remainder when 4926 is divided by 215?
196
What is the remainder when 114679 is divided by 201?
109
What is the remainder when 746 is divided by 661?
85
Calculate the remainder when 1201775 is divided by 300440.
15
What is the remainder when 550 is divided by 64?
38
What is the remainder when 1223 is divided by 1208?
15
What is the remainder when 156998 is divided by 152?
134
What is the remainder when 212010 is divided by 133?
8
Calculate the remainder when 16594 is divided by 8090.
414
Calculate the remainder when 32931 is divided by 646.
631
What is the remainder when 52878 is divided by 25?
3
What is the remainder when 306551 is divided by 159?
158
What is the remainder when 1604 is divided by 160?
4
What is the remainder when 3618 is divided by 1762?
94
Calculate the remainder when 1096 is divided by 374.
348
Calculate the remainder when 41422 is divided by 812.
10
What is the remainder when 75722 is divided by 10?
2
Calculate the remainder when 761040 is divided by 41.
39
What is the remainder when 6926 is divided by 8?
6
What is the remainder when 1402244 is divided by 39?
38
What is the remainder when 769603 is divided by 42?
37
Calculate the remainder when 8534 is divided by 643.
175
Calculate the remainder when 1277 is divided by 2.
1
Calculate the remainder when 62523 is divided by 17.
14
What is the remainder when 8476 is divided by 440?
116
Calculate the remainder when 1296 is divided by 11.
9
Calculate the remainder when 30720 is divided by 21.
18
What is the remainder when 1901 is divided by 386?
357
What